7. What is d(14)?
-5
Let l(k) = -92*k + 307. What is l(4)?
-61
Let v(w) = w**3 - 16*w**2 - 30*w + 114. Determine v(18).
222
Let i(n) = n**3 + 30*n**2 - 310*n - 226. What is i(-38)?
2
Let d(x) = 29*x + 79. Give d(-1).
50
Let u(l) = 9*l + 374. Determine u(-3).
347
Let a(c) = c**3 + 82*c**2 - 165*c + 362. Give a(-84).
110
Let n(w) = -1434*w + 7178. Determine n(5).
8
Let o(l) = -9*l**2 - 38*l + 31. Give o(8).
-849
Let h(v) = 2*v**2 - 22*v - 320. Give h(19).
-16
Let u(p) = -p**3 + 20*p**2 - 94*p + 12. Determine u(7).
-9
Let f(a) = a**3 + 51*a**2 + 140*a - 170. Calculate f(-48).
22
Let v(u) = -u**3 + 19*u**2 - 38*u - 83. Give v(14).
365
Let u(m) = -m**3 + 2*m**2 + 8*m - 12. Determine u(-4).
52
Let c(z) = 26*z - 507. Give c(5).
-377
Let z(k) = -k**3 + 90*k**2 + 374*k + 185. Determine z(94).
-3
Let o(j) = j**3 - 22*j**2 + 52*j - 1717. Determine o(23).
8
Let o(q) = -q**2 + 32*q - 272. Give o(16).
-16
Let u(s) = -3*s**2 - 62*s - 101. Determine u(-19).
-6
Let q(y) = -y**3 + 14*y - 5. Give q(5).
-60
Let m(x) = 25*x**3 - 41*x**2 + 75*x. Calculate m(2).
186
Let c(y) = -25*y**2 - 15*y + 70. Determine c(4).
-390
Let t(z) = 52*z - 903. What is t(22)?
241
Let y(o) = 24*o**2 + 103*o - 254. Give y(-6).
-8
Let k(p) = 3*p**3 + 10*p**2 - 20*p - 11. Give k(-5).
-36
Let j(z) = 4*z**2 - 234*z + 127. Give j(58).
11
Let u(j) = -15*j**2 + 94*j - 13. Give u(6).
11
Let l(w) = -2*w**3 - 12*w**2 + 229*w + 983. Determine l(-4).
3
Let w(c) = -c**3 + 31*c**2 + 1222*c + 1088. Give w(54).
8
Let l(f) = 2*f**3 - 22*f**2 + 10*f - 11. Determine l(10).
-111
Let t(q) = -q + 646. What is t(40)?
606
Let r(j) = -104*j - 1142. Give r(-11).
2
Let a(j) = 199*j - 5755. Calculate a(29).
16
Let c(n) = n + 316. Calculate c(19).
335
Let g(p) = -22*p**2 + 16*p + 2. Determine g(2).
-54
Let y(x) = 378*x + 1133. Determine y(-3).
-1
Let p(q) = -22*q + 85. Determine p(16).
-267
Let h(v) = -3533*v + 17644. Give h(5).
-21
Let b(p) = -p**3 + 15*p**2 - 33*p - 44. Give b(12).
-8
Let n(w) = w**3 + 72*w**2 + 287*w + 1029. Calculate n(-68).
9
Let c(s) = -4*s**2 - 167*s - 1136. Determine c(-7).
-163
Let d(x) = 24*x - 10. What is d(-6)?
-154
Let s(d) = -167*d + 28063. Calculate s(168).
7
Let a(k) = -k**3 + 30*k**2 + 138*k - 3317. Determine a(31).
0
Let y(p) = 346*p + 8307. Determine y(-24).
3
Let h(i) = i**3 - 265*i**2 - 277*i + 2924. Give h(266).
-2
Let h(v) = -3*v**2 - 29*v - 22. Determine h(-8).
18
Let c(i) = -i**2 + 87*i - 220. Calculate c(84).
32
Let c(p) = -728*p**3 - p**2 + 2*p + 4. What is c(-1)?
729
Let j(p) = 14*p**2 - 1549*p + 978. Determine j(110).
-12
Let b(q) = -67*q**2 + 22716*q - 1017. Determine b(339).
0
Let b(w) = 5*w**3 - 736*w**2 + 145*w + 304. Determine b(147).
10
Let d(a) = -115*a - 704. What is d(-11)?
561
Let u(p) = 3*p**2 - 75*p - 27. Calculate u(23).
-165
Let h(l) = -650*l - 3547. What is h(-6)?
353
Let j(t) = -45*t + 1. Give j(-3).
136
Let y(i) = -i**3 - 168*i**2 - 1583*i - 441. Determine y(-158).
33
Let l(v) = 2*v**3 + 89*v**2 + 42*v - 67. What is l(-44)?
21
Let n(f) = -96*f**3 - f**2 - 17*f - 14. Give n(-1).
98
Let f(v) = -2*v**2 + 67*v + 605. What is f(41)?
-10
Let i(l) = 2*l**3 - 7*l**2 + 2*l - 11. Determine i(5).
74
Let p(k) = -12*k - 1105. Give p(-4).
-1057
Let b(g) = g**2 - 374*g - 4635. Give b(-12).
-3
Let a(p) = p**3 + 39*p**2 + 59*p - 149. Give a(-3).
-2
Let r(y) = -2276*y + 2265. Give r(1).
-11
Let t(k) = k**2 - 86*k + 855. Calculate t(10).
95
Let z(y) = -63*y + 111. Determine z(4).
-141
Let y(p) = p**3 - 27*p**2 - 52*p + 539. Calculate y(28).
-133
Let r(p) = 3*p**2 - 132*p + 459. Determine r(40).
-21
Let m(l) = -l**2 + 72*l + 563. Calculate m(-7).
10
Let d(i) = -9*i + 18. Give d(5).
-27
Let s(h) = 3*h - 41. Calculate s(-9).
-68
Let k(s) = 37*s + 2775. What is k(-75)?
0
Let p(g) = 101*g - 798. Give p(8).
10
Let p(t) = -t**2 + 32*t - 102. Give p(29).
-15
Let x(h) = -2*h**2 + 22*h + 73. Calculate x(-4).
-47
Let w(d) = -d**2 + 22*d - 93. Calculate w(9).
24
Let b(j) = 3*j**2 - 20*j + 6. What is b(6)?
-6
Let p(q) = 2*q**2 - 58*q - 336. What is p(-6)?
84
Let l(u) = -8*u**2 + 53*u + 52. Determine l(0).
52
Let m(a) = -21*a - 149. Give m(0).
-149
Let v(p) = 262*p + 33008. Give v(-126).
-4
Let v(w) = 348*w - 432. Determine v(1).
-84
Let a(n) = 653*n + 7185. What is a(-11)?
2
Let g(p) = -3*p**3 - p**2 + 2*p - 3. What is g(2)?
-27
Let c(n) = -n**3 - 12*n**2 + 6*n - 86. Calculate c(-13).
5
Let w(g) = -565*g + 452. Determine w(2).
-678
Let a(m) = 15567*m - 124542. Give a(8).
-6
Let w(o) = -o**3 - 8*o**2 - 2*o + 58. What is w(-7)?
23
Let d(i) = -21*i - 5. Calculate d(-5).
100
Let x(g) = -g**3 + 6*g**2 - 10*g + 12. What is x(4)?
4
Let f(n) = 30*n**2 + 255*n - 771. Calculate f(3).
264
Let o(l) = 98*l + 1469. Determine o(-15).
-1
Let o(t) = 4*t**2 - 19*t - 1. Give o(8).
103
Let u(m) = 51*m - 4. Give u(1).
47
Let n(t) = -5657*t + 62233. What is n(11)?
6
Let x(j) = -j**2 + 1996*j + 10002. Calculate x(-5).
-3
Let g(y) = -58*y**3 + y + 6. Determine g(0).
6
Let l(m) = 88*m**2 + 2*m + 5. Give l(2).
361
Let f(u) = -u**3 + 43*u**2 - 274*u - 222. What is f(35)?
-12
Let h(a) = -4*a**2 - 166*a - 857. Calculate h(-6).
-5
Let r(c) = 3*c**2 + 56*c + 437. Calculate r(-22).
657
Let r(k) = 2*k**2 - 44*k + 525. Give r(12).
285
Let k(f) = -13*f**2 - 3*f + 12. Give k(-2).
-34
Let j(d) = 26*d**2 - 59*d + 114. What is j(2)?
100
Let k(q) = -q**3 + 125*q**2 + 250*q - 13. What is k(-2)?
-5
Let p(i) = -4*i**2 + 5977*i + 60175. Give p(-10).
5
Let n(s) = 117*s + 1142. Give n(-11).
-145
Let j(o) = o**2 + 80*o + 808. What is j(-68)?
-8
Let m(p) = -2*p**2 + 259*p - 8359. Give m(65).
26
Let q(b) = -45*b**2 + 21*b - 42. Determine q(3).
-384
Let u(t) = -56*t + 1079. Give u(19).
15
Let s(d) = -201*d + 35768. Determine s(178).
-10
Let j(r) = r**2 - 85*r - 676. Give j(-8).
68
Let u(k) = k**3 - 8*k**2 + 15*k + 2. Calculate u(3).
2
Let j(g) = -5141*g + 221060. Calculate j(43).
-3
Let d(c) = 721*c - 5035. Calculate d(7).
12
Let t(r) = -533*r + 226519. Calculate t(425).
-6
Let o(b) = 403*b + 25802. Give o(-64).
10
Let h(d) = 2731*d + 16379. What is h(-6)?
-7
Let f(m) = 14319*m - 214796. Determine f(15).
-11
Let d(u) = u**2 - 19*u + 93. Calculate d(5).
23
Let r(h) = -9*h**2 - 756*h - 5. Give r(-84).
-5
Let r(n) = 255*n - 218. Calculate r(2).
292
Let y(j) = -42*j - 250. Calculate y(-6).
2
Let o(q) = -q**3 - 17*q**2 - 51*q - 23. Determine o(-4).
-27
Let d(t) = 342*t - 345. Give d(1).
-3
Let v(y) = y**2 - 6*y - 709. Calculate v(24).
-277
Let z(g) = 93*g + 980. Determine z(-13).
-229
Let t(a) = -a**3 - 20*a**2 + 68*a + 32. Give t(-23).
55
Let j(m) = m**3 - 17*m**2 - 32*m + 775. What is j(16)?
7
Let n(w) = -5995*w - 47948. Calculate n(-8).
12
Let d(w) = -3*w**2 - 2*w + 7. Calculate d(-2).
-1
Let u(n) = 29*n + 79. Determine u(-14).
-327
Let q(k) = k**3 - 2*k**2 - 94*k - 84. Give q(11).
-29
Let j(t) = 948*t**2 - 4739*t + 7. What is j(5)?
12
Let b(f) = 270*f - 30. What is b(0)?
-30
Let m(t) = -18*t - 207. Determine m(-52).
729
Let y(t) = -t**3 + 95*t**2 - 702*t + 17. What is y(8)?
-31
Let d(a) = -2*a**2 + 31*a + 107. Give d(18).
17
Let m(d) = -122*d + 40. Calculate m(-3).
406
Let i(b) = -28*b**2 + 423*b - 36. Calculate i(15).
9
Let u(x) = -347*x + 4499. Calculate u(13).
-12
Let z(h) = 474*h + 2357. Give z(-5).
-13
Let v(l) = 4*l**2 + 33*l - 35. Give v(1).
2
Let a(t) = -2*t**2 + 5*t + 45. What is a(-3)?
12
Let r(k) = -4*k + 319. What is r(87)?
-29
Let j(c) = c**3 + 7*c**2 + 22*c + 143. Determine j(-7).
-11
Let f(d) = -d**2 - 39*d + 356. Calculate f(-48).
-76
Let n(f) = -f**3 + 142*f**2 - 4976*f - 83. Calculate n(79).
-4
Let k(v) = -v**3 - 9*v**2 - 16*v + 26. Calculate k(-3).
20
Let t(r) = -46*r**2 + 9*r - 1. Calculate t(1).
-38
Let a(h) = 8090*h - 56635. Give a(7).
-5
Let a(r) = -395*r - 495. Determine a(-1).
-100
Let q(n) = 43*n - 1445. Give q(33).
-26
Let j(t) = -t**3 + 11*t**2 - 9*t + 17. Give j(11).
-82
Let d(s) = -s**3 - 14*s**2 + 7*s - 134. Give d(-15).
-14
Let s(z) = -6*z**2 + 189*z - 1050. Determine s(6).
-132
Let k(w) = 242*w**2 - 2661*w + 1. Calculate k(11).
12
Let v(x) = 2*x**2 - 282*x - 9854. Calculate v(170).
6
Let d(m) = -851*m + 106370. What is d(125)?
-5
Let l(n) = -16373*n + 180097. Give l(11).
-6
Let y(f) = f**2 + 25*f - 73. Calculate y(-27).
-19
Let d(v) = -v**3 + 4*v**2 - 24*v + 64. Give d(3).
1
Let u(s) = 75*s**2 - 37